What is (-29 - -16 - -1) + -1 + 8?
-5
What is -1 - (5 - 2 - 5) - 3?
-2
Calculate 153 - 124 - (19 + -4 + -3 + -1).
18
-13 - (28 - (24 + -4))
-21
Evaluate 46 + 18 + -82 - (4 + 1).
-23
What is the value of -536 + 521 - (-34 - -1)?
18
Evaluate 25 + (6 - (-8 + 32)).
7
What is 2 + (2 - 23) - (13 - (21 + -1))?
-12
What is -16 - (32 + -13 + -22 - 2)?
-11
Evaluate -15 + -3 + -5 + 19.
-4
What is 14 - (56 - 17) - -13?
-12
-24 - (-11 + 2 - 3)
-12
(-5 - -7) + 3 + (-7 - -10)
8
What is the value of -8 + -12 + 14 - (0 - 12)?
6
What is -1 + (-102 - -95) + 3 + -2 + -9?
-16
Evaluate -47 + 65 + 1 + -11.
8
What is the value of (-139 - -140) + (1 - -11)?
13
What is the value of -13 - (-10 + -1) - (-1 + 11)?
-12
-4 - (7 + (-42 - -17))
14
Evaluate -14 - (3 - 21) - (1 + -1 + 11).
-7
Evaluate (16 - (13 - (-31 - -13))) + 0.
-15
What is the value of 17 - (-3 - -15) - 4?
1
(-2 - -20) + -19 + -13 + 20 + 3
9
Evaluate (12 - 12) + (5 - (-2 + 12) - -15).
10
What is the value of 1 - 4 - (4 + -3 + 0 - 8)?
4
Calculate -2 + (-1 - (-2 + -3)).
2
What is the value of (-7 + 7 + -4 - -3) + (7 - 16)?
-10
Calculate -6 + 2 + 4 - (-8 + 16).
-8
5 - (-5 - (5 + -8))
7
What is the value of 20 - (5 - (14 - 6 - (-8 - -13)))?
18
What is 29 - (9 - 1) - (3 - 12 - -10)?
20
(-41 - -65) + (-17 - 4)
3
Evaluate (20 - 1) + -163 + 161 + -8 + 0.
9
Calculate (-3 + 0 - -2) + -1 + -26 + 30.
2
Evaluate (-7 + 16 - 14 - -18) + (-3 - -11).
21
-1 + -1 + 7 + 21 + -7 + -9
10
Calculate (304 - 327) + 5 + 3.
-15
33 + -31 - (-6 - -1) - 1
6
Calculate (14 - 15) + -27 + 16 - -3.
-9
Evaluate (-7 - -8) + 1 + (1 - (2 - 8)).
9
What is 0 + (-1 - -4) + 13 + -1?
15
Evaluate 9 + 7 + (-7 - -15) + -11.
13
What is 1 - -11 - (-21 - -8 - -6)?
19
What is the value of (-58 - -19) + 33 - 21?
-27
Evaluate -12 + -11 + 34 - 5.
6
Evaluate 1 + -2 + 7 - (17 - -1).
-12
40 + -43 + 22 + -22
-3
-5 + (19 - 1 - 25)
-12
What is the value of (-1 - (4 + 3 + -1)) + -16 + 38?
15
What is 2 - 10 - (-34 + 0 - -30)?
-4
Evaluate -21 + 14 + 9 + 9.
11
Evaluate 28 - (9 + (6 - -4 - 9)).
18
What is (3 + -16 - -3) + 17?
7
What is 2 + -2 + 44 + -36 - (-23 + -1)?
32
(0 - 8) + (5 - 13) + 9 + -2
-9
What is 0 + (8 + -14 - -4) + -8?
-10
Evaluate 63 - (-35 + 89 - 11).
20
Calculate (-1 - 5) + 23 + -4.
13
Calculate -61 - -53 - (-10 - -25).
-23
What is the value of (-11 - -11) + -14 + 35 - 10?
11
(-43 - -57) + (-3 - 1 - -3 - -3)
16
What is the value of (3 - (16 - 13)) + (-2 - -15)?
13
Calculate 9 + 4 + -36 + 16.
-7
Evaluate (15 - (0 - (-9 + 7))) + -3 + -3.
7
33 - (9 - (0 - -12) - -1)
35
Calculate 2 - (-5 - (8 + -8 + 0)).
7
-30 + (-28 - -19 - -51)
12
What is the value of (-2 - 7) + -84 + 74 + 13?
-6
Evaluate (7 + -13 - -2) + -1 + -9 + 0.
-14
What is the value of (-20 - (5 + -19)) + -4?
-10
What is 1 + (28 + -49 - -7)?
-13
What is -15 + (-15 - (0 - 23))?
-7
What is (-17 + 9 - -9) + -16?
-15
-13 + 6 + (-44 - -37)
-14
Calculate 7 + (-2 - (-12 + 26)).
-9
What is 0 - 9 - (-7 - -16 - (8 - 0))?
-10
-3 - ((-136 - -134) + 2 + (2 - 5))
0
What is the value of -2 - -7 - (-16 - -15)?
6
What is -16 - (-20 + 3 - 14)?
15
Calculate 5 + 0 - (7 + 10 + (-17 - 10)).
15
What is 11 + (-42 - (-13 + -1)) + -13?
-30
What is the value of 13 - 20 - (-3 + 2 - -1)?
-7
What is the value of (17 - 13) + -5 + 11 + 3?
13
4 - 0 - (342 - 311)
-27
Calculate (91 - 148 - (1 - 11)) + 18.
-29
-2 + 7 + (-7 + 20 - 16)
2
What is the value of -8 - (11 + -22 - -32) - -5?
-24
Calculate -113 - -128 - (2 + (7 - -2)).
4
What is -6 - (78 - 84 - (5 + 0))?
5
Calculate -20 - ((-23 - -13) + (7 - 2)).
-15
Calculate -8 - 1 - (21 - ((15 - -54) + -11)).
28
What is 1 + -31 - (48 - 58)?
-20
Evaluate (-3 - (10 - 15)) + 6 + (2 - -1).
11
Evaluate 4 + -1 + 5 + -6 - (-1 - 1).
4
(3 - 1 - (2 + 4)) + (-82 - -88)
2
Evaluate -18 + 2 - (-21 - -5).
0
-24 + 22 + -5 + 6 + 15 + 5
19
Calculate -7 + (25 - (13 + -4 - -2)).
7
-15 - -3 - ((20 - (0 - -36)) + 34)
-30
Calculate -43 - (3 - (-37 - -79)).
-4
Evaluate -11 + (7 - 11) - (-11 + (7 - 3)).
-8
What is the value of -1 + 9 + 10 + -13 + 3 + 9?
17
609 + -608 - (18 - 1) - -19
3
What is the value of -12 + 4 - (86 - 87)?
-7
What is -78 + 68 - (1 + -11 + 2) - 2?
-4
What is the value of (6 - 12) + -24 - (-1 - (4 + 3))?
-22
Evaluate 70 - 76 - (1 - -4).
-11
What is 1 + -3 - (22 - (4 - -21))?
1
Evaluate -2 - (-4 + (4 + 1 - 6)).
3
What is the value of -13 + (14 - -24) + -24?
1
(105 - 90 - (-1 - -46)) + (-2 - -10)
-22
What is the value of 24 + -13 - (-16 + 30)?
-3
What is 45 + -42 - 25 - (8 + (2 - 3))?
-29
(-14 + 39 + -15 - 39) + 7
-22
What is the value of -8 - (-75 + 62 + 1 + 4) - 15?
-15
Calculate 1 + 0 + -4 + (8 - 1).
4
17 - (-13 - (-9 - (-6 - -7)))
20
Evaluate -19 + 0 + -25 + (77 - 44).
-11
Calculate -1 - ((12 - -7) + 5 + -2 + -6).
-17
What is the value of (5 - (3 - -1) - (-5 + 6)) + -7?
-7
Calculate 8 + 5 + -16 + -6 + 2.
-7
Calculate 29 + -14 + 2 + -10 + -19.
-12
-26 + -11 - -29 - (0 - (-2 + 25))
15
Evaluate 5 - -5 - (30 - 32).
12
Calculate -2 - (-7 - (-8 + -2)).
-5
What is the value of -13 - (-14 - (9 - 13)) - (0 - 25)?
22
13 + (-15 - (-17 + 22))
-7
Calculate (-22 - -48) + -36 + (0 - -2) + 39.
31
What is the value of 16 + (-14 - -7) - (114 + -90)?
-15
12 - (1 - (-18 + -4))
-11
What is the value of 16 - (-4 + 4) - 11?
5
Calculate 9 - (10 + (-7 - 2)) - -18.
26
What is (-14 - 10) + -21 + 20?
-25
Calculate 17 - (7 - (-23 + 18)).
5
What is the value of -11 + 0 + (-12 - -4) + 0 + 4?
-15
What is the value of -13 + (-9 + 16 - 0) - (-36 - 2)?
32
Evaluate 0 + -7 - (-25 - -40 - 17).
-5
What is (12 + -13 - (11 + -4 - 5)) + 13?
10
-10 + (11 - 7) + 2 - 14
-18
(1 - 0 - -10 - 2) + -8
1
What is the value of (10 + -6 - -2 - -1) + 0 + 14?
21
Evaluate 25 - (8 + 3) - (30 + -20).
4
45 + 12 + -34 + 12 + -6
29
What is 0 + -9 - (25 + -17 + -2 + -10)?
-5
Evaluate 838 + -836 - (-1 + -13).
16
Calculate -18 + -2 - (116 + -130).
-6
2 + 3 + -4 + (44 - 26)
19
Evaluate -7 - (-1 - (-1 + -3 + 120 + -115)).
-5
What is 19 + -35 + 21 + (-6 - 0)?
-1
What is the value of 15 + (11 - (-9 - -35)) + (0 - -7)?
7
Evaluate -6 - (-3 + (-4 - -8) + -8 + 4).
-3
What is the value of (13 + -8 - 1) + (-5 - -2 - 0)?
1
What is 13 - -2 - (-23 + 28) - 7?
3
Calculate 2 + (-14 - ((1 - (11 + -11)) + -12)).
-1
What is the value of 11 - 20 - 6 - (-2 - 35)?
22
-42 + 44 - (-3 + 3)
2
What is (9 - (5 - (3 + -4))) + 4?
7
Evaluate (-27 - 12) + (2 - -19).
-18
-13 - -8 - (2 + -4 - 2 - 4)
3
What is -27 + 34 - (7 - 1)?
1
What is 4 - 13 - (19 + -57 - (-8 - -2))?
23
What is the value of -10 + (-1 - -8) + -3?
-6
What is the value of -2 + -8 + 12 + (-1 - -1) + 2?
4
-14 - (14 + (-57 - -18))
11
Evaluate (6 + 0 - 4) + 3 + -7 + -1.
-3
What is the value of (28 - 23 - (-1 + 2)) + -6 - -2?
0
Calculate 1 - (-18 - -5 - -7 - -9 - 4).
2
What is (6 + 2 + -4 - (-5 + 3)) + 3?
9
What is the value of -15 + 1 - (-245 + 219)?
12
What is (-3 - -9) + -4 + (-7 - 1)?
-6
What is (207 - 188) + (0 - (2 + 4))?
13
-2 + -43 + -9 + 28
-26
Evaluate -58 - -71 - (-1 - -4).
10
Evaluate (-18 - 1) + 18 - -1.
0
Calculate 23 + (-23 - 4) + 19.
15
What is -13 - ((-23 - 46) + 19)?
37
Calculate 7 + (-3 + 3 + 1 - 1).
7
Evaluate 4 - (-2 + (-1 - 2) - (25 - 0)).
34
What is the value of 21 - 20 - (-2 + 0 + 14 + -41)?
30
Calculate -243 - -255 - (20 - -2).
-10
17 + -74 + 61 - (-1 + 1 + 1)
3
Calculate -9 + (-28 - (-19 + 5)) + 7 + 0.
-16
What is the value of -4 - 1 - (81 - 103)?
17
Evaluate (5 - -1) + -6 + -2.
-2
-1 + 11 - (-1 + -3 + -81 + 86)
9
What is -16 - (2 + -13) - -12 - -7?
14
15 + 2 - (-24 - (-42 - 19))
-20
Calculate (-3 - (3 + -6)) + (0 - (-28 + 31)).
-3
-26 - (12 + -29) - (-10 - -1)
0
Calculate -6 - (17 + -79 + 13 + 18).
25
What is -34 - ((-3 - (2 + -6 + -8)) + -18)?
-25
What is the value of -3 + (8 - 3) - (-7 + 11 + 11)?
-13
1 + 5 + -14 + -4
-12
What is -5 - (2 + (10 - 0)) - (-1 + 0)?
-16
(-3 - (-4 + -7)) + -26 + 8
-10
Calculate (7 - -9) + 5 + -14 - -3.
10
Evaluate -22 + 14 - (-3 - 1) - 0.
-4
Calculate 7 + (0 - 0) + 7 + -2 + -5.
7
Calculate 8 + (-12 - 17) + 10 + 12.
1
Calculate -6 + (-107 + 120 - (-1 + -11)).
19
Calculate (17 - -6) + -3 - 4.
16
(-25 - -20) + (0 - -2) + 7 + -5
-1
What is the value of 95 + -83 - (2 + (-1 - -9))?
2
-28 + -8 + (-8 + 1 - -16)
-27
Evaluate (-17 - 8) + -4 - -4.
-25
What is (39 - (34 + -25)) + -1 + -1 - 9?
19
Evaluate 16 + 0 + -13 + (-5 - 5).
-7
(-5 - (-3 - (-2 + -7))) + 4 + 4
-3
-86 + 73 - (-2